{"id":612,"date":"2021-03-26T10:12:22","date_gmt":"2021-03-26T14:12:22","guid":{"rendered":"https:\/\/langues-en-continu.uqam.ca\/?page_id=612"},"modified":"2026-03-09T18:18:10","modified_gmt":"2026-03-09T22:18:10","slug":"to-register","status":"publish","type":"page","link":"https:\/\/langues-en-continu.uqam.ca\/en\/to-register\/","title":{"rendered":"To register"},"content":{"rendered":"\n<p><strong>SPRING &#8211; SUMMER SESSION | IMMERSION LANGUAGE PROGRAMS | FRENCH &#8211; ENGLISH<\/strong><\/p>\n\n\n\n<p>The <strong><a href=\"https:\/\/secure.sav.uqam.ca\/langues\/CalculateurFrais_an.asp?p1=1&amp;p2=2&amp;p3=3&amp;p6=6&amp;p30=30&amp;p31=31&amp;p32=32&amp;p33=33&amp;F=8&amp;A=9\">registration period is now open<\/a><\/strong> <br><a href=\"https:\/\/langues-en-continu.uqam.ca\/en\/sejours\/\">To know more about Immersion Language Programs<\/a><br><a href=\"https:\/\/langues-en-continu.uqam.ca\/en\/language-immersion\/\">Enrolment procedures<\/a><br><\/p>\n\n\n\n<p><strong>ACCOMMODATION<\/strong> <strong>FOR SPRING AND SUMMER SESSION <\/strong><\/p>\n\n\n\n<p>We provide <a href=\"https:\/\/langues-en-continu.uqam.ca\/en\/accomodation\/\">quality accommodation options<\/a>\u2014either with a host family or in a student residence\u2014located near UQAM. Booking and payment are made directly with the recommended providers.<\/p>\n\n\n\n<h4 class=\"wp-block-heading\">Registration deadline | Immersion language programs <\/h4>\n\n\n\n<figure class=\"wp-block-table is-style-nonSortable\"><table><tbody><tr><td><strong>Programs<\/strong><\/td><td><strong>Registration deadline<\/strong><\/td><\/tr><tr><td><a href=\"https:\/\/langues-en-continu.uqam.ca\/en\/immersion\/uqam-explore-program-french-second-language\/\"><strong>Explore<\/strong> <strong>Program<\/strong> <\/a>(unsubsidized) <strong>May 19 to au June 18 2026<\/strong> (5 weeks)<\/td><td>April 21, 2026<\/td><\/tr><tr><td><strong>Discover Montreal in a new light (ISA)<\/strong> <strong>July 6 to July 24, 2026<\/strong> (3 weeks)<br><a href=\"https:\/\/langues-en-continu.uqam.ca\/en\/immersion\/non-native-french-speakers-inperson-july-isa\/\">Non-native French speakers<\/a> <br><a href=\"https:\/\/langues-en-continu.uqam.ca\/en\/immersion\/non-native-english-speakers-july-isa\/\">Non-native English speakers<\/a><\/td><td>May 25, 2026<\/td><\/tr><tr><td><strong><strong>Discover Montreal in a new light<\/strong> (ISB)  July <strong>2<\/strong>7 to August 14, 2026<\/strong> (3 weeks) <br><a href=\"https:\/\/langues-en-continu.uqam.ca\/en\/immersion\/non-native-french-speakers-august-isb\/\">Non-native French speakers<\/a><\/td><td>June 15, 2026<\/td><\/tr><tr><td><strong><strong>Discover Montreal in a new light<\/strong> (ISC)<\/strong> <strong>July 6 to August 14, 2026<\/strong> (6 weeks)<br>French &#8211; French <br>English &#8211; French<\/td><td>May 25, 2026<\/td><\/tr><\/tbody><\/table><\/figure>\n\n\n\n<hr class=\"wp-block-separator has-alpha-channel-opacity\"\/>\n\n\n\n<p><\/p>\n\n\n\n<p><\/p>\n","protected":false},"excerpt":{"rendered":"<p>SPRING &#8211; SUMMER SESSION | IMMERSION LANGUAGE PROGRAMS | FRENCH &#8211; ENGLISH The registration period is now open To know more about Immersion Language ProgramsEnrolment procedures ACCOMMODATION FOR SPRING AND SUMMER SESSION We provide quality accommodation options\u2014either with a host family or in a student residence\u2014located near UQAM. Booking and payment are made directly with [&hellip;]<\/p>\n","protected":false},"author":1,"featured_media":0,"parent":0,"menu_order":7,"comment_status":"closed","ping_status":"closed","template":"","meta":{"_acf_changed":false,"footnotes":""},"categories":[],"class_list":["post-612","page","type-page","status-publish","hentry"],"acf":[],"yoast_head":"<!-- This site is optimized with the Yoast SEO plugin v27.5 - https:\/\/yoast.com\/product\/yoast-seo-wordpress\/ -->\n<title>To register - Formations linguistiques non cr\u00e9dit\u00e9es - UQAM<\/title>\n<meta name=\"description\" content=\"Language courses Summer 2026 | French as a second language | 40 hours of training and various cultural activities\" \/>\n<meta name=\"robots\" content=\"index, follow, max-snippet:-1, max-image-preview:large, max-video-preview:-1\" \/>\n<link rel=\"canonical\" href=\"https:\/\/langues-en-continu.uqam.ca\/en\/to-register\/\" \/>\n<meta property=\"og:locale\" content=\"en_US\" \/>\n<meta property=\"og:type\" content=\"article\" \/>\n<meta property=\"og:title\" content=\"To register - Formations linguistiques non cr\u00e9dit\u00e9es - UQAM\" \/>\n<meta property=\"og:description\" content=\"Language courses Summer 2026 | French as a second language | 40 hours of training and various cultural activities\" \/>\n<meta property=\"og:url\" content=\"https:\/\/langues-en-continu.uqam.ca\/en\/to-register\/\" \/>\n<meta property=\"og:site_name\" content=\"Formations linguistiques non cr\u00e9dit\u00e9es\" \/>\n<meta property=\"article:publisher\" content=\"https:\/\/www.facebook.com\/formationslinguistiquesnoncr\" \/>\n<meta property=\"article:modified_time\" content=\"2026-03-09T22:18:10+00:00\" \/>\n<meta name=\"twitter:card\" content=\"summary_large_image\" \/>\n<meta name=\"twitter:label1\" content=\"Est. reading time\" \/>\n\t<meta name=\"twitter:data1\" content=\"1 minute\" \/>\n<script type=\"application\/ld+json\" class=\"yoast-schema-graph\">{\"@context\":\"https:\\\/\\\/schema.org\",\"@graph\":[{\"@type\":\"WebPage\",\"@id\":\"https:\\\/\\\/langues-en-continu.uqam.ca\\\/en\\\/to-register\\\/\",\"url\":\"https:\\\/\\\/langues-en-continu.uqam.ca\\\/en\\\/to-register\\\/\",\"name\":\"To register - Formations linguistiques non cr\u00e9dit\u00e9es - UQAM\",\"isPartOf\":{\"@id\":\"https:\\\/\\\/langues-en-continu.uqam.ca\\\/#website\"},\"datePublished\":\"2021-03-26T14:12:22+00:00\",\"dateModified\":\"2026-03-09T22:18:10+00:00\",\"description\":\"Language courses Summer 2026 | French as a second language | 40 hours of training and various cultural activities\",\"breadcrumb\":{\"@id\":\"https:\\\/\\\/langues-en-continu.uqam.ca\\\/en\\\/to-register\\\/#breadcrumb\"},\"inLanguage\":\"en-CA\",\"potentialAction\":[{\"@type\":\"ReadAction\",\"target\":[\"https:\\\/\\\/langues-en-continu.uqam.ca\\\/en\\\/to-register\\\/\"]}]},{\"@type\":\"BreadcrumbList\",\"@id\":\"https:\\\/\\\/langues-en-continu.uqam.ca\\\/en\\\/to-register\\\/#breadcrumb\",\"itemListElement\":[{\"@type\":\"ListItem\",\"position\":1,\"name\":\"UQAM\",\"item\":\"https:\\\/\\\/uqam.ca\"},{\"@type\":\"ListItem\",\"position\":2,\"name\":\"Formations linguistiques non cr\u00e9dit\u00e9es\",\"item\":\"https:\\\/\\\/langues-en-continu.uqam.ca\\\/en\\\/\"},{\"@type\":\"ListItem\",\"position\":3,\"name\":\"To register\"}]},{\"@type\":\"WebSite\",\"@id\":\"https:\\\/\\\/langues-en-continu.uqam.ca\\\/#website\",\"url\":\"https:\\\/\\\/langues-en-continu.uqam.ca\\\/\",\"name\":\"Formations linguistiques non cr\u00e9dit\u00e9es\",\"description\":\"Formations linguistiques non cr\u00e9dit\u00e9es\",\"publisher\":{\"@id\":\"https:\\\/\\\/langues-en-continu.uqam.ca\\\/#organization\"},\"potentialAction\":[{\"@type\":\"SearchAction\",\"target\":{\"@type\":\"EntryPoint\",\"urlTemplate\":\"https:\\\/\\\/langues-en-continu.uqam.ca\\\/en\\\/\\\/recherche\\\/?q={search_term_string}\"},\"query-input\":{\"@type\":\"PropertyValueSpecification\",\"valueRequired\":true,\"valueName\":\"search_term_string\"}}],\"inLanguage\":\"en-CA\"},{\"@type\":\"Organization\",\"@id\":\"https:\\\/\\\/langues-en-continu.uqam.ca\\\/#organization\",\"name\":\"Langues en continu\",\"url\":\"https:\\\/\\\/langues-en-continu.uqam.ca\\\/\",\"logo\":{\"@type\":\"ImageObject\",\"inLanguage\":\"en-CA\",\"@id\":\"https:\\\/\\\/langues-en-continu.uqam.ca\\\/#\\\/schema\\\/logo\\\/image\\\/\",\"url\":\"https:\\\/\\\/gabarit-adaptatif.uqam.ca\\\/statique\\\/images\\\/logo-uqam.jpg\",\"contentUrl\":\"\",\"caption\":\"Langues en continu\"},\"image\":{\"@id\":\"https:\\\/\\\/langues-en-continu.uqam.ca\\\/#\\\/schema\\\/logo\\\/image\\\/\"},\"sameAs\":[\"https:\\\/\\\/www.facebook.com\\\/formationslinguistiquesnoncr\",\"https:\\\/\\\/www.instagram.com\\\/uqam_flnc\\\/?hl=fr\",\"https:\\\/\\\/www.linkedin.com\\\/company\\\/formations-linguistiques-non-cr\u00e9dit\u00e9es-uqam\\\/?viewAsMember=true\",\"https:\\\/\\\/www.youtube.com\\\/channel\\\/UCuOyS0Cg_x0w4RW4l29z4tw\"],\"parentOrganization\":{\"@type\":\"EducationalOrganization\",\"@id\":\"https:\\\/\\\/uqam.ca\\\/#organization\",\"name\":\"Universit\u00e9 du Qu\u00e9bec \u00e0 Montr\u00e9al\",\"url\":\"https:\\\/\\\/uqam.ca\",\"alternateName\":\"UQAM\",\"logo\":\"https:\\\/\\\/gabarit-adaptatif.uqam.ca\\\/statique\\\/images\\\/logo-uqam.jpg\"}}]}<\/script>\n<!-- \/ Yoast SEO plugin. -->","yoast_head_json":{"title":"To register - Formations linguistiques non cr\u00e9dit\u00e9es - UQAM","description":"Language courses Summer 2026 | French as a second language | 40 hours of training and various cultural activities","robots":{"index":"index","follow":"follow","max-snippet":"max-snippet:-1","max-image-preview":"max-image-preview:large","max-video-preview":"max-video-preview:-1"},"canonical":"https:\/\/langues-en-continu.uqam.ca\/en\/to-register\/","og_locale":"en_US","og_type":"article","og_title":"To register - Formations linguistiques non cr\u00e9dit\u00e9es - UQAM","og_description":"Language courses Summer 2026 | French as a second language | 40 hours of training and various cultural activities","og_url":"https:\/\/langues-en-continu.uqam.ca\/en\/to-register\/","og_site_name":"Formations linguistiques non cr\u00e9dit\u00e9es","article_publisher":"https:\/\/www.facebook.com\/formationslinguistiquesnoncr","article_modified_time":"2026-03-09T22:18:10+00:00","twitter_card":"summary_large_image","twitter_misc":{"Est. reading time":"1 minute"},"schema":{"@context":"https:\/\/schema.org","@graph":[{"@type":"WebPage","@id":"https:\/\/langues-en-continu.uqam.ca\/en\/to-register\/","url":"https:\/\/langues-en-continu.uqam.ca\/en\/to-register\/","name":"To register - Formations linguistiques non cr\u00e9dit\u00e9es - UQAM","isPartOf":{"@id":"https:\/\/langues-en-continu.uqam.ca\/#website"},"datePublished":"2021-03-26T14:12:22+00:00","dateModified":"2026-03-09T22:18:10+00:00","description":"Language courses Summer 2026 | French as a second language | 40 hours of training and various cultural activities","breadcrumb":{"@id":"https:\/\/langues-en-continu.uqam.ca\/en\/to-register\/#breadcrumb"},"inLanguage":"en-CA","potentialAction":[{"@type":"ReadAction","target":["https:\/\/langues-en-continu.uqam.ca\/en\/to-register\/"]}]},{"@type":"BreadcrumbList","@id":"https:\/\/langues-en-continu.uqam.ca\/en\/to-register\/#breadcrumb","itemListElement":[{"@type":"ListItem","position":1,"name":"UQAM","item":"https:\/\/uqam.ca"},{"@type":"ListItem","position":2,"name":"Formations linguistiques non cr\u00e9dit\u00e9es","item":"https:\/\/langues-en-continu.uqam.ca\/en\/"},{"@type":"ListItem","position":3,"name":"To register"}]},{"@type":"WebSite","@id":"https:\/\/langues-en-continu.uqam.ca\/#website","url":"https:\/\/langues-en-continu.uqam.ca\/","name":"Formations linguistiques non cr\u00e9dit\u00e9es","description":"Formations linguistiques non cr\u00e9dit\u00e9es","publisher":{"@id":"https:\/\/langues-en-continu.uqam.ca\/#organization"},"potentialAction":[{"@type":"SearchAction","target":{"@type":"EntryPoint","urlTemplate":"https:\/\/langues-en-continu.uqam.ca\/en\/\/recherche\/?q={search_term_string}"},"query-input":{"@type":"PropertyValueSpecification","valueRequired":true,"valueName":"search_term_string"}}],"inLanguage":"en-CA"},{"@type":"Organization","@id":"https:\/\/langues-en-continu.uqam.ca\/#organization","name":"Langues en continu","url":"https:\/\/langues-en-continu.uqam.ca\/","logo":{"@type":"ImageObject","inLanguage":"en-CA","@id":"https:\/\/langues-en-continu.uqam.ca\/#\/schema\/logo\/image\/","url":"https:\/\/gabarit-adaptatif.uqam.ca\/statique\/images\/logo-uqam.jpg","contentUrl":"","caption":"Langues en continu"},"image":{"@id":"https:\/\/langues-en-continu.uqam.ca\/#\/schema\/logo\/image\/"},"sameAs":["https:\/\/www.facebook.com\/formationslinguistiquesnoncr","https:\/\/www.instagram.com\/uqam_flnc\/?hl=fr","https:\/\/www.linkedin.com\/company\/formations-linguistiques-non-cr\u00e9dit\u00e9es-uqam\/?viewAsMember=true","https:\/\/www.youtube.com\/channel\/UCuOyS0Cg_x0w4RW4l29z4tw"],"parentOrganization":{"@type":"EducationalOrganization","@id":"https:\/\/uqam.ca\/#organization","name":"Universit\u00e9 du Qu\u00e9bec \u00e0 Montr\u00e9al","url":"https:\/\/uqam.ca","alternateName":"UQAM","logo":"https:\/\/gabarit-adaptatif.uqam.ca\/statique\/images\/logo-uqam.jpg"}}]}},"_links":{"self":[{"href":"https:\/\/langues-en-continu.uqam.ca\/en\/wp-json\/wp\/v2\/pages\/612","targetHints":{"allow":["GET"]}}],"collection":[{"href":"https:\/\/langues-en-continu.uqam.ca\/en\/wp-json\/wp\/v2\/pages"}],"about":[{"href":"https:\/\/langues-en-continu.uqam.ca\/en\/wp-json\/wp\/v2\/types\/page"}],"author":[{"embeddable":true,"href":"https:\/\/langues-en-continu.uqam.ca\/en\/wp-json\/wp\/v2\/users\/1"}],"replies":[{"embeddable":true,"href":"https:\/\/langues-en-continu.uqam.ca\/en\/wp-json\/wp\/v2\/comments?post=612"}],"version-history":[{"count":99,"href":"https:\/\/langues-en-continu.uqam.ca\/en\/wp-json\/wp\/v2\/pages\/612\/revisions"}],"predecessor-version":[{"id":6787,"href":"https:\/\/langues-en-continu.uqam.ca\/en\/wp-json\/wp\/v2\/pages\/612\/revisions\/6787"}],"wp:attachment":[{"href":"https:\/\/langues-en-continu.uqam.ca\/en\/wp-json\/wp\/v2\/media?parent=612"}],"wp:term":[{"taxonomy":"category","embeddable":true,"href":"https:\/\/langues-en-continu.uqam.ca\/en\/wp-json\/wp\/v2\/categories?post=612"}],"curies":[{"name":"wp","href":"https:\/\/api.w.org\/{rel}","templated":true}]}}

<!-- This site is optimized with the Yoast SEO plugin v27.5 - https://yoast.com/product/yoast-seo-wordpress/ -->
<title>To register - Formations linguistiques non créditées - UQAM</title>
<meta name="description" content="Language courses Summer 2026 | French as a second language | 40 hours of training and various cultural activities" />
<meta name="robots" content="index, follow, max-snippet:-1, max-image-preview:large, max-video-preview:-1" />
<link rel="canonical" href="https://langues-en-continu.uqam.ca/en/to-register/" />
<meta property="og:locale" content="en_US" />
<meta property="og:type" content="article" />
<meta property="og:title" content="To register - Formations linguistiques non créditées - UQAM" />
<meta property="og:description" content="Language courses Summer 2026 | French as a second language | 40 hours of training and various cultural activities" />
<meta property="og:url" content="https://langues-en-continu.uqam.ca/en/to-register/" />
<meta property="og:site_name" content="Formations linguistiques non créditées" />
<meta property="article:publisher" content="https://www.facebook.com/formationslinguistiquesnoncr" />
<meta property="article:modified_time" content="2026-03-09T22:18:10+00:00" />
<meta name="twitter:card" content="summary_large_image" />
<meta name="twitter:label1" content="Est. reading time" />
	<meta name="twitter:data1" content="1 minute" />
<script type="application/ld+json" class="yoast-schema-graph">{"@context":"https:\/\/schema.org","@graph":[{"@type":"WebPage","@id":"https:\/\/langues-en-continu.uqam.ca\/en\/to-register\/","url":"https:\/\/langues-en-continu.uqam.ca\/en\/to-register\/","name":"To register - Formations linguistiques non créditées - UQAM","isPartOf":{"@id":"https:\/\/langues-en-continu.uqam.ca\/#website"},"datePublished":"2021-03-26T14:12:22+00:00","dateModified":"2026-03-09T22:18:10+00:00","description":"Language courses Summer 2026 | French as a second language | 40 hours of training and various cultural activities","breadcrumb":{"@id":"https:\/\/langues-en-continu.uqam.ca\/en\/to-register\/#breadcrumb"},"inLanguage":"en-CA","potentialAction":[{"@type":"ReadAction","target":["https:\/\/langues-en-continu.uqam.ca\/en\/to-register\/"]}]},{"@type":"BreadcrumbList","@id":"https:\/\/langues-en-continu.uqam.ca\/en\/to-register\/#breadcrumb","itemListElement":[{"@type":"ListItem","position":1,"name":"UQAM","item":"https:\/\/uqam.ca"},{"@type":"ListItem","position":2,"name":"Formations linguistiques non créditées","item":"https:\/\/langues-en-continu.uqam.ca\/en\/"},{"@type":"ListItem","position":3,"name":"To register"}]},{"@type":"WebSite","@id":"https:\/\/langues-en-continu.uqam.ca\/#website","url":"https:\/\/langues-en-continu.uqam.ca\/","name":"Formations linguistiques non créditées","description":"Formations linguistiques non créditées","publisher":{"@id":"https:\/\/langues-en-continu.uqam.ca\/#organization"},"potentialAction":[{"@type":"SearchAction","target":{"@type":"EntryPoint","urlTemplate":"https:\/\/langues-en-continu.uqam.ca\/en\/\/recherche\/?q={search_term_string}"},"query-input":{"@type":"PropertyValueSpecification","valueRequired":true,"valueName":"search_term_string"}}],"inLanguage":"en-CA"},{"@type":"Organization","@id":"https:\/\/langues-en-continu.uqam.ca\/#organization","name":"Langues en continu","url":"https:\/\/langues-en-continu.uqam.ca\/","logo":{"@type":"ImageObject","inLanguage":"en-CA","@id":"https:\/\/langues-en-continu.uqam.ca\/#\/schema\/logo\/image\/","url":"https:\/\/gabarit-adaptatif.uqam.ca\/statique\/images\/logo-uqam.jpg","contentUrl":"","caption":"Langues en continu"},"image":{"@id":"https:\/\/langues-en-continu.uqam.ca\/#\/schema\/logo\/image\/"},"sameAs":["https:\/\/www.facebook.com\/formationslinguistiquesnoncr","https:\/\/www.instagram.com\/uqam_flnc\/?hl=fr","https:\/\/www.linkedin.com\/company\/formations-linguistiques-non-créditées-uqam\/?viewAsMember=true","https:\/\/www.youtube.com\/channel\/UCuOyS0Cg_x0w4RW4l29z4tw"],"parentOrganization":{"@type":"EducationalOrganization","@id":"https:\/\/uqam.ca\/#organization","name":"Université du Québec à Montréal","url":"https:\/\/uqam.ca","alternateName":"UQAM","logo":"https:\/\/gabarit-adaptatif.uqam.ca\/statique\/images\/logo-uqam.jpg"}}]}</script>
<!-- / Yoast SEO plugin. -->

To register - Formations linguistiques non créditées - UQAM

Formations linguistiques non créditées

https://www.linkedin.com/company/formations-linguistiques-non-créditées-uqam/?viewAsMember=true

Université du Québec à Montréal
